o base 16
d975
What is -17050 (base 9) in base 14?
-43a5
Convert -31104 (base 6) to base 4.
-1000300
Convert 78 (base 15) to base 8.
161
Convert -10211312 (base 4) to base 10.
-18806
2002221020 (base 3) to base 11
29202
Convert 2435 (base 7) to base 5.
12113
-2d8f (base 16) to base 8
-26617
What is -21020 (base 4) in base 5?
-4314
Convert 4423 (base 7) to base 10.
1585
What is 52645 (base 10) in base 15?
108ea
Convert -87a (base 11) to base 7.
-3035
What is -50001 (base 8) in base 14?
-766d
Convert 635 (base 10) to base 14.
335
-30032 (base 6) to base 8
-7504
Convert 153250 (base 7) to base 5.
1424344
Convert 6a42 (base 13) to base 10.
14926
-20200202 (base 3) to base 15
-16a5
What is 2030200 (base 4) in base 7?
35134
16bd (base 15) to base 11
3758
-22424 (base 6) to base 13
-15ac
-1437 (base 12) to base 5
-33342
Convert 903 (base 15) to base 13.
c00
2043 (base 6) to base 14
24b
Convert 64 (base 13) to base 6.
214
10110010 (base 2) to base 15
bd
What is -112222 (base 5) in base 11?
-3063
What is 4686 (base 11) in base 15?
1c49
Convert -1670 (base 13) to base 2.
-110011100110
Convert -3230 (base 4) to base 13.
-152
What is -26b9 (base 12) in base 2?
-1000101101101
What is b9b (base 14) in base 16?
8f5
-3450 (base 6) to base 2
-1100110110
3012111 (base 4) to base 2
11000110010101
b5 (base 12) to base 11
115
What is -151434 (base 6) in base 2?
-11100100101110
Convert -12300 (base 7) to base 2.
-110010100010
Convert -11101001 (base 2) to base 13.
-14c
Convert 4813 (base 10) to base 11.
3686
-3d76 (base 16) to base 3
-210120202
Convert -17607 (base 9) to base 14.
-4605
Convert 35306 (base 10) to base 9.
53378
What is 28a3 (base 16) in base 3?
112021022
4241 (base 7) to base 13
8b4
What is -3242 (base 5) in base 2?
-110111111
-2012 (base 6) to base 12
-308
Convert 3547 (base 11) to base 13.
2168
-3233 (base 9) to base 6
-15003
-949 (base 10) to base 6
-4221
Convert -22020220 (base 4) to base 6.
-520104
What is -24713 (base 9) in base 4?
-10003221
Convert 133130 (base 5) to base 9.
7376
4365 (base 7) to base 16
61e
Convert 1110010 (base 3) to base 11.
880
What is 11420 (base 6) in base 16?
684
Convert -1667 (base 16) to base 13.
-27c2
-173 (base 10) to base 6
-445
-1114 (base 5) to base 3
-12220
What is -9bd (base 15) in base 12?
-1337
Convert 5d39 (base 14) to base 3.
211101102
Convert -58240 (base 9) to base 8.
-113663
Convert 202110 (base 3) to base 10.
552
11003 (base 5) to base 3
1000220
Convert -221 (base 13) to base 15.
-195
Convert 2636 (base 10) to base 11.
1a87
Convert 3212 (base 5) to base 4.
12300
Convert -54 (base 8) to base 13.
-35
Convert -6a51 (base 14) to base 6.
-221343
12021021 (base 3) to base 11
2982
-17c5 (base 14) to base 4
-1003001
Convert 2323203 (base 4) to base 10.
12003
What is -315 (base 14) in base 4?
-21133
Convert 3d89 (base 16) to base 10.
15753
14615 (base 9) to base 15
2e52
5cd1 (base 14) to base 3
211022001
What is 2603 (base 11) in base 7?
12613
What is 2041 (base 5) in base 3?
101001
1101010001 (base 2) to base 12
5a9
Convert 22121 (base 3) to base 4.
3220
Convert 41f (base 16) to base 12.
73b
Convert a185 (base 15) to base 14.
c5da
-1000100 (base 2) to base 16
-44
What is 4445 (base 6) in base 15?
492
What is 7a85 (base 11) in base 3?
112120100
Convert 5667 (base 10) to base 14.
20cb
What is 13021 (base 4) in base 5?
3312
What is -267 (base 8) in base 3?
-20210
Convert -12d9 (base 16) to base 15.
-166a
415450 (base 6) to base 10
33654
Convert 999 (base 13) to base 9.
2230
What is -18 (base 14) in base 8?
-26
-1354 (base 8) to base 16
-2ec
What is 264 (base 14) in base 16?
1e0
4304 (base 5) to base 8
1103
Convert 13111222 (base 4) to base 11.
20646
4856 (base 13) to base 4
2133203
What is -3308 (base 10) in base 3?
-11112112
Convert -650 (base 8) to base 11.
-356
Convert -101101101100010 (base 2) to base 5.
-1222034
Convert 415 (base 10) to base 7.
1132
Convert -6643 (base 7) to base 12.
-1467
-102220 (base 3) to base 11
-272
Convert -187 (base 13) to base 10.
-280
What is -14bab (base 12) in base 2?
-111001010110011
-1028 (base 15) to base 9
-4612
What is 16755 (base 8) in base 16?
1ded
-3031 (base 5) to base 16
-187
-9253 (base 14) to base 4
-12021021
101111001 (base 2) to base 4
11321
Convert 53315 (base 6) to base 15.
2232
-110001 (base 3) to base 14
-193
Convert -305 (base 16) to base 9.
-1048
-1588 (base 11) to base 4
-133300
Convert -57265 (base 8) to base 15.
-72b5
What is -3224 (base 5) in base 3?
-121021
Convert 1216 (base 12) to base 14.
a54
What is -89 (base 10) in base 14?
-65
-34 (base 15) to base 8
-61
Convert -1003343 (base 5) to base 10.
-16098
Convert -e9c (base 16) to base 3.
-12010112
What is -b7d2 (base 14) in base 12?
-16450
5215 (base 10) to base 16
145f
Convert -b03 (base 15) to base 7.
-10140
-101111101010 (base 2) to base 13
-1508
What is 2a622 (base 11) in base 4?
22211032
1a3 (base 13) to base 15
152
Convert -3c8 (base 14) to base 4.
-23330
Convert -1ab2 (base 14) to base 3.
-20200000
What is c55 (base 13) in base 7?
6055
Convert -101022 (base 3) to base 11.
-233
What is -212020220 (base 3) in base 9?
-25226
What is -206 (base 9) in base 7?
-330
451 (base 7) to base 15
107
Convert 210 (base 13) to base 5.
2401
116227 (base 8) to base 14
10875
423 (base 16) to base 11
883
What is 306 (base 12) in base 13?
279
10543 (base 6) to base 13
8b8
What is -66 (base 8) in base 4?
-312
Convert 7559 (base 13) to base 14.
5d22
What is -1010100110100 (base 2) in base 7?
-21553
Convert -22520 (base 8) to base 3.
-111002210
Convert 43201 (base 5) to base 10.
2926
-9ba (base 16) to base 3
-10102020
1102224 (base 5) to base 3
222011002
What is 3346 (base 10) in base 16?
d12
What is 21b2 (base 13) in base 2?
1001001100100
Convert 88 (base 11) to base 13.
75
-35135 (base 9) to base 12
-11695
What is 36 (base 10) in base 16?
24
What is 3353 (base 16) in base 5?
410024
What is 26 (base 12) in base 4?
132
-2330 (base 9) to base 15
-7a3
-14214 (base 6) to base 16
-8c2
6 (base 10) to base 3
20
What is 2001021202 (base 3) in base 6?
510332
What is 11021202 (base 3) in base 14?
11d3
What is 18b (base 14) in base 4?
10333
Convert -18a5a (base 11) to base 12.
-13458
What is -25e (base 16) in base 2?
-1001011110
What is -45b (base 13) in base 15?
-352
1022120 (base 3) to base 11
7a3
Convert 1790 (base 10) to base 12.
1052
20022 (base 4) to base 6
2230
Convert -15152 (base 8) to base 15.
-200c
-4622 (base 8) to base 12
-1502
Convert -7231 (base 9) to base 5.
-132133
What is 342 (base 15) in base 7?
2102
-110101011100 (base 2) to base 13
-1731
Convert 31201033 (base 4) to base 9.
83857
204606 (base 7) to base 13
130a4
Convert -9770 (base 11) to base 4.
-3021213
-1888 (base 9) to base 3
-1222222
-330 (base 5) to base 12
-76
2503 (base 11) to base 10
3270
Convert 1700b (base 13) to base 10.
43951
-195a3 (base 12) to base 14
-d763
What is -51251 (base 6) in base 13?
-3130
12513 (base 10) to base 14
47bb
Convert 1dc4 (base 16) to base 8.
16704
Convert -76 (base 13) to base 9.
-117
What is -6300 (base 7) in base 5?
-32310
Convert -101000100101 (base 2) to base 6.
-20005
What is 11111110111110 (base 2) in base 7?
65401
-74a7 (base 11) to base 6
-113530
10010001101 (base 2) to base 14
5d3
2220101021 (base 3) to base 8
157463
Convert -2346 (base 7) to base 8.
-1543
What is -10120102 (base 3) in base 11?
-1a57
Convert -1054 (base 7) to base 16.
-17e
1f2 (base 16) to base 3
200110
-102000102 (base 3) to base 16
-1f5e
1757 (base 8) to base 11
836
Convert cc0 (base 15) to base 12.
1800
110111101 (base 2) to base 8
675
What is -2030113 (base 4) in base 11?
-6827
24421 (base 5) to base 6
12341
-3512 (base 8) to base 5
-24431
What is -344 (base 11) in base 14?
-215
-d72 (base 14) to base 13
-1289
Convert -62530 (base 8) to base 4.
-12111120
Convert -3533 (base 7) to base 10.
-1298
195 (base 12) to base 4
10001
Convert -25650 (base 9) to base 13.
-7b48
What is 2630 (base 14) in base 5?
203311
Convert 10230 (base 6) to base 5.
21021
Convert -2102210 (base 3) to base 6.
-12120
Convert 2040 (base 5) to base 12.
1a6
What is 101000001011011 (base 2) in base 8?
50133
5663 (base 10) to base 2
1011000011111
Convert -10112 (base 6) to base 15.
-5e5
-31113130 (base 4) to base 14
-15d48
Convert -5823 (base 12) to base 3.
-111110200
Convert